 are the prime factors of 1328?
2, 83
List the prime factors of 20.
2, 5
List the prime factors of 23314.
2, 11657
What are the prime factors of 1831?
1831
List the prime factors of 7776.
2, 3
List the prime factors of 1425.
3, 5, 19
What are the prime factors of 327?
3, 109
List the prime factors of 69007.
151, 457
What are the prime factors of 80328?
2, 3, 3347
List the prime factors of 42936.
2, 3, 1789
List the prime factors of 30256.
2, 31, 61
What are the prime factors of 715?
5, 11, 13
List the prime factors of 3031.
7, 433
What are the prime factors of 1975?
5, 79
What are the prime factors of 7362?
2, 3, 409
List the prime factors of 431.
431
What are the prime factors of 12393?
3, 17
What are the prime factors of 81543?
3, 7, 11, 353
What are the prime factors of 26453?
7, 3779
List the prime factors of 53877.
3, 17959
What are the prime factors of 1992?
2, 3, 83
What are the prime factors of 786?
2, 3, 131
What are the prime factors of 13663?
13, 1051
List the prime factors of 131694.
2, 3, 47, 467
List the prime factors of 1012.
2, 11, 23
What are the prime factors of 1465?
5, 293
List the prime factors of 7524.
2, 3, 11, 19
What are the prime factors of 56385?
3, 5, 7, 179
What are the prime factors of 7386?
2, 3, 1231
What are the prime factors of 12536?
2, 1567
List the prime factors of 9957.
3, 3319
List the prime factors of 27515.
5, 5503
What are the prime factors of 1077?
3, 359
List the prime factors of 9296.
2, 7, 83
What are the prime factors of 227?
227
List the prime factors of 40434.
2, 3, 23, 293
List the prime factors of 14583.
3, 4861
What are the prime factors of 18173?
17, 1069
List the prime factors of 2738.
2, 37
List the prime factors of 1281.
3, 7, 61
What are the prime factors of 445?
5, 89
What are the prime factors of 4837?
7, 691
What are the prime factors of 32383?
13, 47, 53
What are the prime factors of 6683?
41, 163
List the prime factors of 2344.
2, 293
List the prime factors of 678.
2, 3, 113
List the prime factors of 3874.
2, 13, 149
What are the prime factors of 145?
5, 29
List the prime factors of 664.
2, 83
What are the prime factors of 289?
17
What are the prime factors of 1172?
2, 293
What are the prime factors of 76930?
2, 5, 7, 157
List the prime factors of 388.
2, 97
What are the prime factors of 153512?
2, 31, 619
What are the prime factors of 19873?
7, 17, 167
List the prime factors of 790.
2, 5, 79
What are the prime factors of 25863?
3, 37, 233
What are the prime factors of 138?
2, 3, 23
List the prime factors of 1043.
7, 149
List the prime factors of 13336.
2, 1667
List the prime factors of 8497.
29, 293
What are the prime factors of 5999?
7, 857
What are the prime factors of 8120?
2, 5, 7, 29
What are the prime factors of 894?
2, 3, 149
What are the prime factors of 47431?
47431
What are the prime factors of 106817?
223, 479
List the prime factors of 93231.
3, 1151
What are the prime factors of 19872?
2, 3, 23
List the prime factors of 5015.
5, 17, 59
What are the prime factors of 1525?
5, 61
List the prime factors of 6929.
13, 41
List the prime factors of 82.
2, 41
List the prime factors of 1398.
2, 3, 233
List the prime factors of 26164.
2, 31, 211
What are the prime factors of 4983?
3, 11, 151
What are the prime factors of 58973?
17, 3469
What are the prime factors of 2010?
2, 3, 5, 67
List the prime factors of 11692.
2, 37, 79
List the prime factors of 3150.
2, 3, 5, 7
What are the prime factors of 824?
2, 103
What are the prime factors of 251?
251
List the prime factors of 75631.
53, 1427
List the prime factors of 2077.
31, 67
What are the prime factors of 17835?
3, 5, 29, 41
What are the prime factors of 16435?
5, 19, 173
List the prime factors of 3939.
3, 13, 101
List the prime factors of 1502.
2, 751
List the prime factors of 531.
3, 59
List the prime factors of 4808.
2, 601
What are the prime factors of 8962?
2, 4481
What are the prime factors of 7251?
3, 2417
What are the prime factors of 64?
2
List the prime factors of 112915.
5, 11, 2053
List the prime factors of 495.
3, 5, 11
List the prime factors of 2785.
5, 557
List the prime factors of 593.
593
What are the prime factors of 6408?
2, 3, 89
What are the prime factors of 142219?
7, 11, 1847
List the prime factors of 5076.
2, 3, 47
What are the prime factors of 80?
2, 5
What are the prime factors of 14843?
14843
What are the prime factors of 113039?
113039
List the prime factors of 4204.
2, 1051
What are the prime factors of 1725?
3, 5, 23
What are the prime factors of 21658?
2, 7, 13, 17
List the prime factors of 9218.
2, 11, 419
List the prime factors of 9494.
2, 47, 101
What are the prime factors of 4723?
4723
List the prime factors of 1505.
5, 7, 43
What are the prime factors of 49079?
17, 2887
List the prime factors of 471.
3, 157
List the prime factors of 1507.
11, 137
What are the prime factors of 41410?
2, 5, 41, 101
List the prime factors of 953.
953
List the prime factors of 5071.
11, 461
What are the prime factors of 11094?
2, 3, 43
List the prime factors of 637.
7, 13
What are the prime factors of 810?
2, 3, 5
What are the prime factors of 111140?
2, 5, 5557
What are the prime factors of 3440?
2, 5, 43
List the prime factors of 9624.
2, 3, 401
List the prime factors of 1565.
5, 313
List the prime factors of 1045.
5, 11, 19
List the prime factors of 8603.
7, 1229
List the prime factors of 34934.
2, 17467
What are the prime factors of 15445?
5, 3089
What are the prime factors of 4562?
2, 2281
What are the prime factors of 16953?
3, 5651
List the prime factors of 826.
2, 7, 59
What are the prime factors of 906?
2, 3, 151
List the prime factors of 85215.
3, 5, 13, 19, 23
What are the prime factors of 4205?
5, 29
What are the prime factors of 27998?
2, 13999
List the prime factors of 29148.
2, 3, 7, 347
List the prime factors of 90946.
2, 37, 1229
What are the prime factors of 1008?
2, 3, 7
What are the prime factors of 562?
2, 281
List the prime factors of 13363.
7, 23, 83
What are the prime factors of 682?
2, 11, 31
List the prime factors of 85651.
97, 883
What are the prime factors of 78866?
2, 47, 839
List the prime factors of 9769.
9769
List the prime factors of 479.
479
What are the prime factors of 9593?
53, 181
List the prime factors of 9790.
2, 5, 11, 89
List the prime factors of 45797.
41, 1117
List the prime factors of 12915.
3, 5, 7, 41
List the prime factors of 6934.
2, 3467
What are the prime factors of 5598?
2, 3, 311
What are the prime factors of 47388?
2, 3, 11, 359
List the prime factors of 940.
2, 5, 47
List the prime factors of 5499.
3, 13, 47
List the prime factors of 3422.
2, 29, 59
List the prime factors of 4670.
2, 5, 467
List the prime factors of 287.
7, 41
What are the prime factors of 51381?
3, 11, 173
List the prime factors of 11843.
13, 911
List the prime factors of 24048.
2, 3, 167
What are the prime factors of 1212?
2, 3, 101
What are the prime factors of 1512?
2, 3, 7
List the prime factors of 20452.
2, 5113
What are the prime factors of 104950?
2, 5, 2099
What are the prime factors of 1197?
3, 7, 19
What are the prime factors of 8?
2
List the prime factors of 30047.
30047
List the prime factors of 13057.
11, 1187
List the prime factors of 1428.
2, 3, 7, 17
What are the prime factors of 21478?
2, 10739
What are the prime factors of 4161?
3, 19, 73
What are the prime factors of 160849?
13, 12373
What are the prime factors of 380?
2, 5, 19
List the prime factors of 14908.
2, 3727
What are the prime factors of 3876?
2, 3, 17, 19
What are the prime factors of 6325?
5, 11, 23
What are the prime factors of 466?
2, 233
List the prime factors of 3577.
7, 73
List the prime factors of 10314.
2, 3, 191
What are the prime factors of 1495?
5, 13, 23
What are the prime factors of 1064?
2, 7, 19
List the prime factors of 3152.
2, 197
What are the prime factors of 2820?
2, 3, 5, 47
List the prime factors of 89738.
2, 11, 4079
What are the prime factors of 612?
2, 3, 17
List the prime factors of 22.
2, 11
What are the prime factors of 402?
2, 3, 67
List the prime factors of 9236.
2, 2309
List the prime factors of 29211.
3, 7, 13, 107
List the prime factors of 80743.
13, 6211
List the prime factors of 187.
11, 17
List the prime factors of 780.
2, 3, 5, 13
List the prime factors of 64743.
3, 7, 308